{"version":"1.0","provider_name":"Blog de Magdalena Grande","provider_url":"https:\/\/magdalenagrande.com\/blog","author_name":"magdalena_grande","author_url":"https:\/\/magdalenagrande.com\/blog\/author\/magdalena_grande\/","title":"Regulaci\u00f3n emocional - Blog de Magdalena Grande","type":"rich","width":600,"height":338,"html":"<blockquote class=\"wp-embedded-content\" data-secret=\"gttW3ktsff\"><a href=\"https:\/\/magdalenagrande.com\/blog\/regulacion-emocional\/\">Regulaci\u00f3n emocional<\/a><\/blockquote><iframe sandbox=\"allow-scripts\" security=\"restricted\" src=\"https:\/\/magdalenagrande.com\/blog\/regulacion-emocional\/embed\/#?secret=gttW3ktsff\" width=\"600\" height=\"338\" title=\"\u00abRegulaci\u00f3n emocional\u00bb \u2014 Blog de Magdalena Grande\" data-secret=\"gttW3ktsff\" frameborder=\"0\" marginwidth=\"0\" marginheight=\"0\" scrolling=\"no\" class=\"wp-embedded-content\"><\/iframe><script type=\"text\/javascript\">\n\/* <![CDATA[ *\/\n\/*! This file is auto-generated *\/\n!function(d,l){\"use strict\";l.querySelector&&d.addEventListener&&\"undefined\"!=typeof URL&&(d.wp=d.wp||{},d.wp.receiveEmbedMessage||(d.wp.receiveEmbedMessage=function(e){var t=e.data;if((t||t.secret||t.message||t.value)&&!\/[^a-zA-Z0-9]\/.test(t.secret)){for(var s,r,n,a=l.querySelectorAll('iframe[data-secret=\"'+t.secret+'\"]'),o=l.querySelectorAll('blockquote[data-secret=\"'+t.secret+'\"]'),c=new RegExp(\"^https?:$\",\"i\"),i=0;i<o.length;i++)o[i].style.display=\"none\";for(i=0;i<a.length;i++)s=a[i],e.source===s.contentWindow&&(s.removeAttribute(\"style\"),\"height\"===t.message?(1e3<(r=parseInt(t.value,10))?r=1e3:~~r<200&&(r=200),s.height=r):\"link\"===t.message&&(r=new URL(s.getAttribute(\"src\")),n=new URL(t.value),c.test(n.protocol))&&n.host===r.host&&l.activeElement===s&&(d.top.location.href=t.value))}},d.addEventListener(\"message\",d.wp.receiveEmbedMessage,!1),l.addEventListener(\"DOMContentLoaded\",function(){for(var e,t,s=l.querySelectorAll(\"iframe.wp-embedded-content\"),r=0;r<s.length;r++)(t=(e=s[r]).getAttribute(\"data-secret\"))||(t=Math.random().toString(36).substring(2,12),e.src+=\"#?secret=\"+t,e.setAttribute(\"data-secret\",t)),e.contentWindow.postMessage({message:\"ready\",secret:t},\"*\")},!1)))}(window,document);\n\/* ]]> *\/\n<\/script>\n","description":"Esta ser\u00eda la \u00faltima de las competencias emocionales de la clasificaci\u00f3n que venimos trabajando estas semanas, la regulaci\u00f3n emocional. Una vez que hemos sido conscientes de la emoci\u00f3n que percibimos, comprendido, etiquetado y expresado, habr\u00eda que ver c\u00f3mo la podemos regular de manera adecuada. Igual que la expresi\u00f3n, la regulaci\u00f3n es una de las competencias [&hellip;]","thumbnail_url":"https:\/\/magdalenagrande.com\/blog\/wp-content\/uploads\/2021\/09\/image_editor_output_image-1571144990-1631556186974-890x1024.jpg"}

Regulación emocional - Blog de Magdalena Grande

<blockquote class="wp-embedded-content" data-secret="gttW3ktsff"><a href="https://magdalenagrande.com/blog/regulacion-emocional/">Regulación emocional</a></blockquote><iframe sandbox="allow-scripts" security="restricted" src="https://magdalenagrande.com/blog/regulacion-emocional/embed/#?secret=gttW3ktsff" width="600" height="338" title="«Regulación emocional» — Blog de Magdalena Grande" data-secret="gttW3ktsff" frameborder="0" marginwidth="0" marginheight="0" scrolling="no" class="wp-embedded-content"></iframe><script type="text/javascript">
/* <![CDATA[ */
/*! This file is auto-generated */
!function(d,l){"use strict";l.querySelector&&d.addEventListener&&"undefined"!=typeof URL&&(d.wp=d.wp||{},d.wp.receiveEmbedMessage||(d.wp.receiveEmbedMessage=function(e){var t=e.data;if((t||t.secret||t.message||t.value)&&!/[^a-zA-Z0-9]/.test(t.secret)){for(var s,r,n,a=l.querySelectorAll('iframe[data-secret="'+t.secret+'"]'),o=l.querySelectorAll('blockquote[data-secret="'+t.secret+'"]'),c=new RegExp("^https?:$","i"),i=0;i<o.length;i++)o[i].style.display="none";for(i=0;i<a.length;i++)s=a[i],e.source===s.contentWindow&&(s.removeAttribute("style"),"height"===t.message?(1e3<(r=parseInt(t.value,10))?r=1e3:~~r<200&&(r=200),s.height=r):"link"===t.message&&(r=new URL(s.getAttribute("src")),n=new URL(t.value),c.test(n.protocol))&&n.host===r.host&&l.activeElement===s&&(d.top.location.href=t.value))}},d.addEventListener("message",d.wp.receiveEmbedMessage,!1),l.addEventListener("DOMContentLoaded",function(){for(var e,t,s=l.querySelectorAll("iframe.wp-embedded-content"),r=0;r<s.length;r++)(t=(e=s[r]).getAttribute("data-secret"))||(t=Math.random().toString(36).substring(2,12),e.src+="#?secret="+t,e.setAttribute("data-secret",t)),e.contentWindow.postMessage({message:"ready",secret:t},"*")},!1)))}(window,document);
/* ]]> */
</script>

Esta sería la última de las competencias emocionales de la clasificación que venimos trabajando estas semanas, la regulación emocional. Una vez que hemos sido conscientes de la emoción que percibimos, comprendido, etiquetado y expresado, habría que ver cómo la podemos regular de manera adecuada. Igual que la expresión, la regulación es una de las competencias [&hellip;]
